 a factor of 147640?
True
Is 1845536 a multiple of 1078?
True
Is 14 a factor of 223298?
False
Is 6563000 a multiple of 60?
False
Does 3 divide 167634?
True
Is 815948 a multiple of 14?
True
Is 61280 a multiple of 5?
True
Does 12 divide 144528?
True
Is 5 a factor of 3672571?
False
Is 1318600 a multiple of 200?
True
Is 128 a factor of 326159?
False
Is 196 a factor of 498036?
True
Is 561 a factor of 262175?
False
Does 399 divide 110447?
False
Is 78 a factor of 3864921?
False
Does 11 divide 300102?
True
Is 63 a factor of 47943?
True
Is 527 a factor of 360995?
True
Does 24 divide 497313?
False
Is 115280 a multiple of 2?
True
Is 82 a factor of 383651?
False
Is 16092 a multiple of 36?
True
Does 38 divide 24890?
True
Is 11537888 a multiple of 1696?
True
Is 272791 a multiple of 475?
False
Is 38 a factor of 183008?
True
Is 622809 a multiple of 56?
False
Is 64854 a multiple of 165?
False
Does 281 divide 18923?
False
Is 388830 a multiple of 126?
False
Does 3 divide 46138?
False
Is 150214 a multiple of 118?
True
Is 152 a factor of 241595?
False
Does 9 divide 3805682?
False
Does 153 divide 35243?
False
Is 20 a factor of 9593320?
True
Is 9 a factor of 17418?
False
Does 194 divide 2885362?
True
Is 840938 a multiple of 11?
False
Does 32 divide 1839520?
True
Is 103446 a multiple of 6?
True
Is 971768 a multiple of 148?
True
Is 207991 a multiple of 43?
True
Is 15 a factor of 493129?
False
Is 633 a factor of 488954?
False
Is 2823480 a multiple of 99?
True
Is 27410 a multiple of 10?
True
Is 166 a factor of 466626?
True
Is 91 a factor of 277641?
True
Is 2692525 a multiple of 275?
True
Is 26 a factor of 152412?
True
Is 480369 a multiple of 51?
True
Does 220 divide 100175?
False
Is 879823 a multiple of 28?
False
Is 27 a factor of 1341848?
False
Is 7 a factor of 169659?
True
Is 59 a factor of 10247300?
False
Is 75 a factor of 141513?
False
Is 705179 a multiple of 45?
False
Is 6 a factor of 1816974?
True
Does 6 divide 30540?
True
Does 307 divide 947687?
False
Does 312 divide 394550?
False
Is 20 a factor of 558080?
True
Does 211 divide 849456?
False
Is 123672 a multiple of 12?
True
Is 4766518 a multiple of 3?
False
Is 494858 a multiple of 13?
True
Is 21878 a multiple of 2?
True
Does 154 divide 42812?
True
Does 368 divide 127219?
False
Is 203544 a multiple of 4?
True
Is 75 a factor of 52908?
False
Is 2808848 a multiple of 449?
False
Is 4345500 a multiple of 375?
True
Does 721 divide 273805?
False
Is 12 a factor of 10828104?
True
Does 2203 divide 20576020?
True
Is 65 a factor of 875615?
True
Is 222 a factor of 415362?
True
Does 34 divide 39147?
False
Does 10 divide 726720?
True
Does 17 divide 2849386?
False
Is 165 a factor of 31726530?
True
Is 24 a factor of 395880?
True
Is 3 a factor of 5065?
False
Is 879900 a multiple of 50?
True
Does 205 divide 24167040?
True
Does 493 divide 1258629?
True
Does 246 divide 12907949?
False
Is 90 a factor of 15210?
True
Is 5862753 a multiple of 351?
True
Is 10891457 a multiple of 849?
False
Is 21888180 a multiple of 85?
True
Is 577 a factor of 1437622?
False
Does 37 divide 119251?
True
Does 2 divide 532?
True
Is 9312302 a multiple of 15?
False
Is 81 a factor of 248076?
False
Does 70 divide 28643?
False
Is 156 a factor of 104024?
False
Is 101 a factor of 2004547?
True
Is 5 a factor of 8638?
False
Is 326 a factor of 24208?
False
Is 1702210 a multiple of 31?
True
Is 2840 a multiple of 4?
True
Is 1532402 a multiple of 662?
False
Is 180552 a multiple of 31?
False
Is 1579886 a multiple of 288?
False
Is 66 a factor of 886666?
False
Is 181 a factor of 778119?
True
Does 4 divide 27978?
False
Is 61 a factor of 7454810?
True
Does 43 divide 591530?
False
Is 31 a factor of 277233?
True
Is 12655675 a multiple of 1452?
False
Does 704 divide 817104?
False
Does 83 divide 5277223?
True
Does 15 divide 122766?
False
Is 656709 a multiple of 8?
False
Is 564406 a multiple of 82?
True
Is 62543 a multiple of 15?
False
Does 586 divide 532206?
False
Does 293 divide 27835?
True
Does 240 divide 81233?
False
Is 12 a factor of 6807133?
False
Is 1410903 a multiple of 15?
False
Is 15 a factor of 482715?
True
Is 535 a factor of 127055?
False
Is 337968 a multiple of 11?
False
Is 46 a factor of 12061149?
False
Is 308538 a multiple of 183?
True
Does 56 divide 219240?
True
Is 6517732 a multiple of 1717?
True
Is 37860440 a multiple of 20?
True
Is 213783 a multiple of 18?
False
Is 10647789 a multiple of 59?
True
Is 480810 a multiple of 186?
True
Does 69 divide 107814?
False
Does 53 divide 69218?
True
Is 12 a factor of 4801728?
True
Is 39444 a multiple of 12?
True
Does 95 divide 69333?
False
Does 1551 divide 6858156?
False
Is 180 a factor of 162180?
True
Does 117 divide 79455?
False
Does 162 divide 59940?
True
Does 159 divide 6277797?
True
Does 101 divide 209972?
False
Is 538 a factor of 11229338?
False
Is 7999 a multiple of 2?
False
Is 58916 a multiple of 5?
False
Is 37737 a multiple of 9?
True
Is 85 a factor of 141827?
False
Is 668415 a multiple of 15?
True
Is 8 a factor of 6280?
True
Does 323 divide 1050345?
False
Is 1868136 a multiple of 8?
True
Is 209204 a multiple of 11?
False
Does 148 divide 382284?
True
Is 862 a factor of 863142?
False
Is 34 a factor of 1847084?
True
Is 108 a factor of 2955852?
True
Is 13774519 a multiple of 278?
False
Does 81 divide 4457268?
True
Is 1430298 a multiple of 38?
False
Is 4 a factor of 66775?
False
Is 109 a factor of 387254?
False
Does 185 divide 205651?
False
Does 48 divide 196428?
False
Does 242 divide 697444?
True
Is 730233 a multiple of 21?
True
Is 1690075 a multiple of 576?
False
Is 11359944 a multiple of 97?
False
Is 413 a factor of 55342?
True
Is 1468253 a multiple of 55?
False
Is 897120 a multiple of 144?
True
Does 98 divide 2854089?
False
Does 19 divide 1827256?
False
Is 20 a factor of 464084?
False
Does 88 divide 39097?
False
Does 523 divide 377282?
False
Is 13 a factor of 173342?
True
Does 559 divide 789867?
True
Is 28 a factor of 1154300?
True
Does 50 divide 268533?
False
Does 32 divide 390752?
True
Does 102 divide 492878?
False
Does 48 divide 68544?
True
Is 300100 a multiple of 10?
True
Is 23602656 a multiple of 42?
True
Is 17 a factor of 6061073?
False
Does 21 divide 68796?
True
Does 9 divide 223848?
True
Is 27 a factor of 63879?
False
Does 38 divide 14212?
True
Does 127 divide 6909943?
True
Is 63642 a multiple of 16?
False
Is 19 a factor of 1301765?
False
Does 48 divide 81936?
True
Is 37 a factor of 8731741?
True
Is 3225712 a multiple of 15?
False
Is 18768 a multiple of 4?
True
Is 75548 a multiple of 117?
False
Is 314240 a multiple of 1012?
False
Is 130959 a multiple of 9?
True
Does 41 divide 73964?
True
Is 33 a factor of 12397605?
True
Is 4851 a multiple of 33?
True
Is 30160 a multiple of 29?
True
Does 488 divide 398208?
True
Is 15 a factor of 323190?
True
Is 8598518 a multiple of 6?
False
Does 2 divide 13032?
True
Is 552099 a multiple of 73?
True
Is 5343119 a multiple of 447?
False
Is 5 a factor of 8256092?
False
Is 352377 a multiple of 117?
False
Does 420 divide 2010534?
False
Is 617984 a multiple of 1088?
True
Is 55 a factor of 131450?
True
Is 1756 a factor of 6033616?
True
Is 175 a factor of 833107?
False
Does 15 divide 95577?
False
Is 5 a factor of 37712?
False
Is 44 a factor of 447348?
True
Is 783617 a multiple of 385?
False
Is 1020547 a multiple of 11?
True
Is 154 a factor of 3303290?
False
Is 90037 a multiple of 34?
False
Does 246 divide 1369336?
False
Is 1033 a factor of 2796331?
True
Is 20 a factor of 358880?
True
Does 17 divide 2067825?
False
Is 806569 a multiple of 14?
False
Does 17 divide 118467?
False
Is 1143120 a multiple of 264?
True
Is 685473 a multiple of 401?
False
Is 21447 a multiple of 72?
False
Does 221 divide 16531787?
False
Is 83925 a multiple of 373?
True
Is 5568 a multiple of 3?
True
Is 3104276 a multiple of 7?
True
Is 71243 a multiple of 373?
True
Is 224295 a multiple of 780?
False
Is 43 a factor of 5859868?
True
Is 395180 a multiple of 9?
False
Does 52 divide 1686405?
False
Is 112 a factor of 494819?
False
Is 5396594 a multiple of 204?
False
Is 129 a factor of 28340064?
False
Is 89219 a multiple of 132?
False
Does 6 divide 88748?
False
Does 80 divide 386000?
True
Is 19 a factor of 2348291?
False
Is 1865600 a multiple of 220?
True
Does 3 divide 267191?
False
Is 103 a factor of 335986?
True
Is 363 